{"id":267,"date":"2015-02-24T21:58:23","date_gmt":"2015-02-24T19:58:23","guid":{"rendered":"http:\/\/hindersby.net\/wordpress\/?page_id=267"},"modified":"2015-02-24T21:58:23","modified_gmt":"2015-02-24T19:58:23","slug":"40-arsjubel-ar-2005","status":"publish","type":"page","link":"https:\/\/hindersby.net\/lss2021\/index.php\/bildgalleriet\/40-arsjubel-ar-2005\/","title":{"rendered":"40-\u00e5rsjubel \u00e5r 2005"},"content":{"rendered":"<p>Bilder fr\u00e5n 2005. Aila och Kerstin\u00a0 skickade foton.<\/p>\nngg_shortcode_0_placeholder\n<p>H\u00e4r en del bilder som Jocke skickat (fr\u00e5n Saltbodan, en aning beskurna):<\/p>\n<p><a href=\"http:\/\/hindersby.net\/wordpress\/wp-content\/uploads\/2015\/02\/CIMG0890-e1427485590460.jpg\"><img loading=\"lazy\" decoding=\"async\" class=\"alignnone size-medium wp-image-742\" src=\"http:\/\/hindersby.net\/wordpress\/wp-content\/uploads\/2015\/02\/CIMG0890-e1427485590460-300x186.jpg\" alt=\"CIMG0890\" width=\"300\" height=\"186\" srcset=\"https:\/\/hindersby.net\/lss2021\/wp-content\/uploads\/2015\/02\/CIMG0890-e1427485590460-300x186.jpg 300w, https:\/\/hindersby.net\/lss2021\/wp-content\/uploads\/2015\/02\/CIMG0890-e1427485590460-1024x635.jpg 1024w, https:\/\/hindersby.net\/lss2021\/wp-content\/uploads\/2015\/02\/CIMG0890-e1427485590460-768x476.jpg 768w, https:\/\/hindersby.net\/lss2021\/wp-content\/uploads\/2015\/02\/CIMG0890-e1427485590460.jpg 1264w\" sizes=\"auto, (max-width: 300px) 100vw, 300px\" \/><\/a><\/p>\n<p><a href=\"http:\/\/hindersby.net\/wordpress\/wp-content\/uploads\/2015\/02\/CIMG0891-e1427485636825.jpg\"><img loading=\"lazy\" decoding=\"async\" class=\"alignnone size-medium wp-image-743\" src=\"http:\/\/hindersby.net\/wordpress\/wp-content\/uploads\/2015\/02\/CIMG0891-e1427485636825-300x191.jpg\" alt=\"CIMG0891\" width=\"300\" height=\"191\" srcset=\"https:\/\/hindersby.net\/lss2021\/wp-content\/uploads\/2015\/02\/CIMG0891-e1427485636825-300x191.jpg 300w, https:\/\/hindersby.net\/lss2021\/wp-content\/uploads\/2015\/02\/CIMG0891-e1427485636825-1024x652.jpg 1024w, https:\/\/hindersby.net\/lss2021\/wp-content\/uploads\/2015\/02\/CIMG0891-e1427485636825-768x489.jpg 768w, https:\/\/hindersby.net\/lss2021\/wp-content\/uploads\/2015\/02\/CIMG0891-e1427485636825.jpg 1196w\" sizes=\"auto, (max-width: 300px) 100vw, 300px\" \/><\/a><\/p>\n<p><a href=\"http:\/\/hindersby.net\/wordpress\/wp-content\/uploads\/2015\/02\/CIMG0892-e1427485681288.jpg\"><img loading=\"lazy\" decoding=\"async\" class=\"alignnone size-medium wp-image-744\" src=\"http:\/\/hindersby.net\/wordpress\/wp-content\/uploads\/2015\/02\/CIMG0892-e1427485681288-300x193.jpg\" alt=\"CIMG0892\" width=\"300\" height=\"193\" srcset=\"https:\/\/hindersby.net\/lss2021\/wp-content\/uploads\/2015\/02\/CIMG0892-e1427485681288-300x193.jpg 300w, https:\/\/hindersby.net\/lss2021\/wp-content\/uploads\/2015\/02\/CIMG0892-e1427485681288-1024x657.jpg 1024w, https:\/\/hindersby.net\/lss2021\/wp-content\/uploads\/2015\/02\/CIMG0892-e1427485681288-768x493.jpg 768w, https:\/\/hindersby.net\/lss2021\/wp-content\/uploads\/2015\/02\/CIMG0892-e1427485681288.jpg 1260w\" sizes=\"auto, (max-width: 300px) 100vw, 300px\" \/><\/a><\/p>\n<p><a href=\"http:\/\/hindersby.net\/wordpress\/wp-content\/uploads\/2015\/02\/CIMG0895-e1427485731789.jpg\"><img loading=\"lazy\" decoding=\"async\" class=\"alignnone size-medium wp-image-745\" src=\"http:\/\/hindersby.net\/wordpress\/wp-content\/uploads\/2015\/02\/CIMG0895-e1427485731789-300x191.jpg\" alt=\"CIMG0895\" width=\"300\" height=\"191\" srcset=\"https:\/\/hindersby.net\/lss2021\/wp-content\/uploads\/2015\/02\/CIMG0895-e1427485731789-300x191.jpg 300w, https:\/\/hindersby.net\/lss2021\/wp-content\/uploads\/2015\/02\/CIMG0895-e1427485731789-1024x653.jpg 1024w, https:\/\/hindersby.net\/lss2021\/wp-content\/uploads\/2015\/02\/CIMG0895-e1427485731789-768x490.jpg 768w, https:\/\/hindersby.net\/lss2021\/wp-content\/uploads\/2015\/02\/CIMG0895-e1427485731789.jpg 1244w\" sizes=\"auto, (max-width: 300px) 100vw, 300px\" \/><\/a><\/p>\n<p><a href=\"http:\/\/hindersby.net\/wordpress\/wp-content\/uploads\/2015\/02\/CIMG0912-e1427485783236.jpg\"><img loading=\"lazy\" decoding=\"async\" class=\"alignnone size-medium wp-image-746\" src=\"http:\/\/hindersby.net\/wordpress\/wp-content\/uploads\/2015\/02\/CIMG0912-e1427485783236-300x177.jpg\" alt=\"CIMG0912\" width=\"300\" height=\"177\" srcset=\"https:\/\/hindersby.net\/lss2021\/wp-content\/uploads\/2015\/02\/CIMG0912-e1427485783236-300x177.jpg 300w, https:\/\/hindersby.net\/lss2021\/wp-content\/uploads\/2015\/02\/CIMG0912-e1427485783236-1024x604.jpg 1024w, https:\/\/hindersby.net\/lss2021\/wp-content\/uploads\/2015\/02\/CIMG0912-e1427485783236-768x453.jpg 768w, https:\/\/hindersby.net\/lss2021\/wp-content\/uploads\/2015\/02\/CIMG0912-e1427485783236.jpg 1280w\" sizes=\"auto, (max-width: 300px) 100vw, 300px\" \/><\/a><\/p>\n<p>&nbsp;<\/p>\n","protected":false},"excerpt":{"rendered":"<p>Bilder fr\u00e5n 2005. Aila och Kerstin\u00a0 skickade foton. H\u00e4r en del bilder som Jocke skickat (fr\u00e5n Saltbodan, en aning beskurna): &nbsp;<\/p>\n","protected":false},"author":2,"featured_media":0,"parent":249,"menu_order":2,"comment_status":"open","ping_status":"open","template":"","meta":{"ngg_post_thumbnail":0,"footnotes":""},"class_list":["post-267","page","type-page","status-publish","hentry"],"_links":{"self":[{"href":"https:\/\/hindersby.net\/lss2021\/index.php\/wp-json\/wp\/v2\/pages\/267","targetHints":{"allow":["GET"]}}],"collection":[{"href":"https:\/\/hindersby.net\/lss2021\/index.php\/wp-json\/wp\/v2\/pages"}],"about":[{"href":"https:\/\/hindersby.net\/lss2021\/index.php\/wp-json\/wp\/v2\/types\/page"}],"author":[{"embeddable":true,"href":"https:\/\/hindersby.net\/lss2021\/index.php\/wp-json\/wp\/v2\/users\/2"}],"replies":[{"embeddable":true,"href":"https:\/\/hindersby.net\/lss2021\/index.php\/wp-json\/wp\/v2\/comments?post=267"}],"version-history":[{"count":0,"href":"https:\/\/hindersby.net\/lss2021\/index.php\/wp-json\/wp\/v2\/pages\/267\/revisions"}],"up":[{"embeddable":true,"href":"https:\/\/hindersby.net\/lss2021\/index.php\/wp-json\/wp\/v2\/pages\/249"}],"wp:attachment":[{"href":"https:\/\/hindersby.net\/lss2021\/index.php\/wp-json\/wp\/v2\/media?parent=267"}],"curies":[{"name":"wp","href":"https:\/\/api.w.org\/{rel}","templated":true}]}}