{"id":728,"date":"2015-03-23T20:40:56","date_gmt":"2015-03-23T20:40:56","guid":{"rendered":"http:\/\/hindersby.net\/wordpress\/?page_id=728"},"modified":"2015-03-23T20:40:56","modified_gmt":"2015-03-23T20:40:56","slug":"lovisa-fore-1965","status":"publish","type":"page","link":"https:\/\/hindersby.net\/lss2021\/index.php\/bildgalleriet\/60talet\/lovisa-fore-1965\/","title":{"rendered":"Lovisa f\u00f6re 1965"},"content":{"rendered":"<p>Lovisa var inte bara skolan (LSS) \u00e4ven om det f\u00f6r mej mest var skolan och Elevhemmet. D\u00e5 jag inte var i skolan s\u00e5 l\u00e4ste jag l\u00e4xor. Men litet hann jag g\u00e5 omkring ocks\u00e5 i staden. H\u00e4r tv\u00e5 foton fr\u00e5n h\u00f6stmarknaden 1963.<\/p>\n<p><a href=\"http:\/\/hindersby.net\/wordpress\/wp-content\/uploads\/2015\/03\/Lovisa_marknadstorg_sept1963-e1427143153541.jpg\"><img loading=\"lazy\" decoding=\"async\" class=\"alignnone size-medium wp-image-729\" src=\"http:\/\/hindersby.net\/wordpress\/wp-content\/uploads\/2015\/03\/Lovisa_marknadstorg_sept1963-e1427143153541-300x212.jpg\" alt=\"Lovisa_marknadstorg_sept1963\" width=\"300\" height=\"212\" srcset=\"https:\/\/hindersby.net\/lss2021\/wp-content\/uploads\/2015\/03\/Lovisa_marknadstorg_sept1963-e1427143153541-300x212.jpg 300w, https:\/\/hindersby.net\/lss2021\/wp-content\/uploads\/2015\/03\/Lovisa_marknadstorg_sept1963-e1427143153541-1024x725.jpg 1024w, https:\/\/hindersby.net\/lss2021\/wp-content\/uploads\/2015\/03\/Lovisa_marknadstorg_sept1963-e1427143153541-768x544.jpg 768w, https:\/\/hindersby.net\/lss2021\/wp-content\/uploads\/2015\/03\/Lovisa_marknadstorg_sept1963-e1427143153541-1536x1088.jpg 1536w, https:\/\/hindersby.net\/lss2021\/wp-content\/uploads\/2015\/03\/Lovisa_marknadstorg_sept1963-e1427143153541-2048x1450.jpg 2048w, https:\/\/hindersby.net\/lss2021\/wp-content\/uploads\/2015\/03\/Lovisa_marknadstorg_sept1963-e1427143153541-1568x1110.jpg 1568w\" sizes=\"auto, (max-width: 300px) 100vw, 300px\" \/><\/a><\/p>\n<p><a href=\"http:\/\/hindersby.net\/wordpress\/wp-content\/uploads\/2015\/03\/Lovisa_marknad_sept1963-e1427143243154.jpg\"><img loading=\"lazy\" decoding=\"async\" class=\"alignnone size-medium wp-image-730\" src=\"http:\/\/hindersby.net\/wordpress\/wp-content\/uploads\/2015\/03\/Lovisa_marknad_sept1963-e1427143243154-300x230.jpg\" alt=\"Lovisa_marknad_sept1963\" width=\"300\" height=\"230\" srcset=\"https:\/\/hindersby.net\/lss2021\/wp-content\/uploads\/2015\/03\/Lovisa_marknad_sept1963-e1427143243154-300x230.jpg 300w, https:\/\/hindersby.net\/lss2021\/wp-content\/uploads\/2015\/03\/Lovisa_marknad_sept1963-e1427143243154-1024x784.jpg 1024w, https:\/\/hindersby.net\/lss2021\/wp-content\/uploads\/2015\/03\/Lovisa_marknad_sept1963-e1427143243154-768x588.jpg 768w, https:\/\/hindersby.net\/lss2021\/wp-content\/uploads\/2015\/03\/Lovisa_marknad_sept1963-e1427143243154-1536x1175.jpg 1536w, https:\/\/hindersby.net\/lss2021\/wp-content\/uploads\/2015\/03\/Lovisa_marknad_sept1963-e1427143243154-2048x1567.jpg 2048w, https:\/\/hindersby.net\/lss2021\/wp-content\/uploads\/2015\/03\/Lovisa_marknad_sept1963-e1427143243154-1568x1200.jpg 1568w\" sizes=\"auto, (max-width: 300px) 100vw, 300px\" \/><\/a><\/p>\n","protected":false},"excerpt":{"rendered":"<p>Lovisa var inte bara skolan (LSS) \u00e4ven om det f\u00f6r mej mest var skolan och Elevhemmet. D\u00e5 jag inte var i skolan s\u00e5 l\u00e4ste jag l\u00e4xor. Men litet hann jag g\u00e5 omkring ocks\u00e5 i staden. H\u00e4r tv\u00e5 foton fr\u00e5n h\u00f6stmarknaden &hellip; <a href=\"https:\/\/hindersby.net\/lss2021\/index.php\/bildgalleriet\/60talet\/lovisa-fore-1965\/\">Forts\u00e4tt l\u00e4sa <span class=\"meta-nav\">&rarr;<\/span><\/a><\/p>\n","protected":false},"author":2,"featured_media":0,"parent":248,"menu_order":0,"comment_status":"open","ping_status":"open","template":"","meta":{"ngg_post_thumbnail":0,"footnotes":""},"class_list":["post-728","page","type-page","status-publish","hentry"],"_links":{"self":[{"href":"https:\/\/hindersby.net\/lss2021\/index.php\/wp-json\/wp\/v2\/pages\/728","targetHints":{"allow":["GET"]}}],"collection":[{"href":"https:\/\/hindersby.net\/lss2021\/index.php\/wp-json\/wp\/v2\/pages"}],"about":[{"href":"https:\/\/hindersby.net\/lss2021\/index.php\/wp-json\/wp\/v2\/types\/page"}],"author":[{"embeddable":true,"href":"https:\/\/hindersby.net\/lss2021\/index.php\/wp-json\/wp\/v2\/users\/2"}],"replies":[{"embeddable":true,"href":"https:\/\/hindersby.net\/lss2021\/index.php\/wp-json\/wp\/v2\/comments?post=728"}],"version-history":[{"count":0,"href":"https:\/\/hindersby.net\/lss2021\/index.php\/wp-json\/wp\/v2\/pages\/728\/revisions"}],"up":[{"embeddable":true,"href":"https:\/\/hindersby.net\/lss2021\/index.php\/wp-json\/wp\/v2\/pages\/248"}],"wp:attachment":[{"href":"https:\/\/hindersby.net\/lss2021\/index.php\/wp-json\/wp\/v2\/media?parent=728"}],"curies":[{"name":"wp","href":"https:\/\/api.w.org\/{rel}","templated":true}]}}