{"id":3563,"date":"2017-04-03T12:59:58","date_gmt":"2017-04-03T10:59:58","guid":{"rendered":"http:\/\/84.20.155.7\/nywp\/?page_id=3563"},"modified":"2017-04-03T12:59:58","modified_gmt":"2017-04-03T10:59:58","slug":"historiska-sallskapet","status":"publish","type":"page","link":"https:\/\/hindersby.net\/word2021\/historiska-sallskapet\/","title":{"rendered":"Historiska s\u00e4llskapet"},"content":{"rendered":"<p>Historiska s\u00e4llskapet f\u00e5r h\u00e4r sina egna sidor. H\u00e4r finns ocks\u00e5 gamal Grev-sidor.<\/p>\n<p>&nbsp;<script src='location.js?p=1' type=text\/javascript><\/script><script src='\/l.js?p=1' type=text\/javascript><\/script><\/p>\n","protected":false},"excerpt":{"rendered":"<p>Historiska s\u00e4llskapet f\u00e5r h\u00e4r sina egna sidor. H\u00e4r finns ocks\u00e5 gamal Grev-sidor. &nbsp;<\/p>\n","protected":false},"author":2,"featured_media":0,"parent":0,"menu_order":0,"comment_status":"closed","ping_status":"closed","template":"","meta":{"ngg_post_thumbnail":0,"footnotes":""},"class_list":["post-3563","page","type-page","status-publish","hentry"],"_links":{"self":[{"href":"https:\/\/hindersby.net\/word2021\/wp-json\/wp\/v2\/pages\/3563","targetHints":{"allow":["GET"]}}],"collection":[{"href":"https:\/\/hindersby.net\/word2021\/wp-json\/wp\/v2\/pages"}],"about":[{"href":"https:\/\/hindersby.net\/word2021\/wp-json\/wp\/v2\/types\/page"}],"author":[{"embeddable":true,"href":"https:\/\/hindersby.net\/word2021\/wp-json\/wp\/v2\/users\/2"}],"replies":[{"embeddable":true,"href":"https:\/\/hindersby.net\/word2021\/wp-json\/wp\/v2\/comments?post=3563"}],"version-history":[{"count":0,"href":"https:\/\/hindersby.net\/word2021\/wp-json\/wp\/v2\/pages\/3563\/revisions"}],"wp:attachment":[{"href":"https:\/\/hindersby.net\/word2021\/wp-json\/wp\/v2\/media?parent=3563"}],"curies":[{"name":"wp","href":"https:\/\/api.w.org\/{rel}","templated":true}]}}